ivided by 2.
0
Suppose 5*r - 35 = 5*j, 1 = 2*r - 4*r - j. Suppose 0 = -g + r + 4. Let x(p) = -p**2 + 8*p - 9. What is the remainder when x(g) is divided by 2?
1
Suppose -6*o + 70 = -98. What is the remainder when o is divided by 16?
12
Let i(x) = -2 + 7 - 2*x + 4*x**2 - 3*x**2. Suppose 0 = d - 0*d - 37. What is the remainder when d is divided by i(4)?
11
Suppose -176 = -8*h + 4*h. What is the remainder when 175 is divided by h?
43
Suppose -16 = -3*d - 5*f, -3*d + 21 = -2*f - 2. Calculate the remainder when 27 is divided by d.
6
Let u = -64 + 87. Calculate the remainder when 87 is divided by u.
18
Let c(s) = s + 46. Calculate the remainder when 246 is divided by c(-15).
29
Let w = -5 - -26. Calculate the remainder when w is divided by 11.
10
What is the remainder when (-415)/(-10)*(4 + -2) is divided by 21?
20
Suppose 0 = 3*m + m + i + 9, 12 = -5*m - 2*i. What is the remainder when 18 - m/4*4 is divided by 7?
6
Let w(q) = -q - 1. Let h be w(-2). Suppose 2*z - h = 17. What is the remainder when 15 is divided by z?
6
Suppose -5*n = -a + 39, 2*a + 0*n = -2*n + 102. What is the remainder when a is divided by 10?
9
Suppose 4*r + 3*z - 22 = 0, 5*r - 24 = r - 4*z. What is the remainder when 7 is divided by r?
3
Suppose 4*h - 8 = -5*f, 2*f + 0*f - 2*h = -4. Suppose -4*v + 2*b + 0 - 24 = f, 3*b + 12 = 0. What is the remainder when (v/6)/(8/(-132)) is divided by 8?
6
Suppose 0 = -a - a + 2. Let x = 2 + a. Suppose -2*i + 21 = x*i - z, -5*z + 3 = 2*i. What is the remainder when 6 is divided by i?
2
Suppose 0 = -10*v + 17*v - 973. What is the remainder when v is divided by 47?
45
Suppose 8*v = 2*r + 3*v - 4, 2*v + 2 = r. Suppose -r*h + 7 + 7 = 0. What is the remainder when 13 is divided by h?
6
Calculate the remainder when 39 is divided by 2*51/6 - -4.
18
Let i(a) = a**2 + 3*a + 2. Suppose 0 = -0*b + 5*b. Suppose b*u - 48 = -3*u. What is the remainder when i(4) is divided by u?
14
Calculate the remainder when 37 is divided by (-197)/(-15) - (-4)/(-30).
11
What is the remainder when 3 - (-5 + 4 + -60) is divided by 11?
9
Let x = -111 - -129. Calculate the remainder when 29 is divided by x.
11
Let z(a) = -a**2 - 2*a + 2 + 0*a**2 - a. Let q be z(-3). Suppose -q*p + 54 = p. What is the remainder when 53 is divided by p?
17
Let j = -123 - -209. What is the remainder when j is divided by 29?
28
Suppose -4*w + 3*q + 10 = -0, 0 = q + 2. Let v = w - -1. Calculate the remainder when 2 is divided by v.
0
Suppose 9*g - 538 = 299. Calculate the remainder when g is divided by 25.
18
Let a = 3 + -2. Let s = -5 + 6. What is the remainder when s is divided by a?
0
Let k(q) be the second derivative of q**4/4 - q**2/2 + q. Calculate the remainder when 2 is divided by k(1).
0
Let i(t) = t**3 - 3*t**2 + 3*t - 4. Let v = 6 + -3. Let k be i(v). Let d = k + -2. What is the remainder when 8 is divided by d?
2
Let t = -47 - -50. What is the remainder when 8 is divided by t?
2
Let s(f) = 11*f. What is the remainder when 85 is divided by s(2)?
19
Suppose 0 = -5*u - 1 - 4, 5*u - 19 = -3*v. What is the remainder when (-2)/(-7) - (-645)/21 is divided by v?
7
Calculate the remainder when 30 is divided by (-4)/(1 + 12/(-8)).
6
Let d = -159 + 257. Suppose 22 + d = 5*l. Let p = 14 + l. What is the remainder when p is divided by 13?
12
Suppose -42 = 41*t - 44*t. What is the remainder when 122 is divided by t?
10
Suppose -2*h - 5*u = -29, -4*u - 3 = -u. Suppose 0 = -b + 1 + 1. Suppose 4*o - o - 33 = 5*m, 0 = 2*o + b*m - 6. What is the remainder when h is divided by o?
5
Let r(q) = 3*q**2 - 8*q - 4. What is the remainder when r(6) is divided by 32?
24
Let c = -13 + 23. Let s(r) = -2*r + 4. Let q be s(3). Calculate the remainder when 0/q + -2 - -31 is divided by c.
9
Suppose 92 = 3*a + 14. What is the remainder when a is divided by 9?
8
Let r = 74 - 72. Calculate the remainder when -2 - (2/(-2) - 5) is divided by r.
0
Let r be 5/15 + 68/(-6). Let m(v) = v**3 + 10*v**2 - 13*v - 13. Let t = 53 - 20. Calculate the remainder when t is divided by m(r).
6
Suppose 0 = -4*y + 5*y - 4*f - 23, -5*f - 31 = -2*y. What is the remainder when 5 is divided by y?
2
Let a = -19 - -38. Calculate the remainder when 54 is divided by a.
16
Let c = -142 + 205. Let w = c - 18. What is the remainder when w is divided by 12?
9
Calculate the remainder when 278/6 + (-1 - (-14)/21) is divided by 12 - 0*(1 - 2).
10
Suppose 1 = -4*c - 2*v + 51, -2*c = 4*v - 16. What is the remainder when 53 is divided by c?
11
Let t(o) = -8*o + 1. What is the remainder when 42 is divided by t(-1)?
6
Suppose 17 - 38 = -i. What is the remainder when i is divided by 12?
9
Let v(j) be the third derivative of j**5/60 + j**4/6 + j**3/6 + 3*j**2. Calculate the remainder when v(-6) is divided by 5.
3
Let t(m) = -m - 9. Let k be t(-8). What is the remainder when 41 - 2/(k - 1) is divided by 11?
9
Suppose 3*b = 2*u, 22 = 5*u + 4*b - 1. Let c = -2 + u. Calculate the remainder when 22 is divided by (10/(-25))/(c/(-20)).
6
Suppose -4*w - 3*y = -4*y - 163, 0 = -2*w + 4*y + 64. Calculate the remainder when 83 is divided by w.
41
Let c(b) = 2*b**3 - 10*b**2 - 11*b. Calculate the remainder when c(6) is divided by 2.
0
Suppose 0 = 3*r + 5*b + 26 + 16, -3*b = 2*r + 27. Calculate the remainder when r/36 - (-506)/8 is divided by 16.
15
Let z(n) = -n**3 - 6*n**2 - n + 6. Suppose 21 = 3*s - 45. Calculate the remainder when s is divided by z(-6).
10
Let l(g) = -27*g**2 - g + 1. Let t be l(1). Let m = -14 - t. What is the remainder when (-985)/(-20) + 0 - 1/4 is divided by m?
10
Suppose 2*v = -0*v - 2, i = -5*v + 14. Let d(o) = -4*o**2 + 6*o - 6. Let z be d(6). Let k = z + 170. Calculate the remainder when k is divided by i.
18
Suppose 4*y = y + 54. Calculate the remainder when 32 is divided by y.
14
Let f(k) = k**3 - 12*k**2 + 11*k + 9. Calculate the remainder when (0 - -1)*(-51)/(-3) is divided by f(11).
8
Let p = 10 - 8. Suppose p*l - l = 7. Let v = -8 - -20. Calculate the remainder when v is divided by l.
5
Suppose 2*s + 4*s - 324 = 0. What is the remainder when s is divided by 19?
16
Let i(x) = -x**3 + 8*x**2 - 5*x + 1. Suppose -11 = 4*b + 33. Calculate the remainder when i(5) is divided by (-288)/b + (-4)/22.
25
Suppose 2*j = -5*p + 31, -4 = j - 2*p - 6. Calculate the remainder when 37 is divided by j.
5
Suppose -4*r = -609 + 49. Let f = r - 89. Calculate the remainder when f is divided by (-5)/15 + 120/9.
12
Suppose 5*c - 2*x = 185, 4*x - 115 = -4*c - x. What is the remainder when c is divided by 9?
8
Let q = 66 + -44. Calculate the remainder when 65 is divided by q.
21
Let n = 31 + -11. Suppose -5*u - 10 = -7*l + 2*l, 5*u = -l + n. What is the remainder when 65 is divided by 20 + 1 - (u + -4)?
21
What is the remainder when 57 is divided by (87/12)/((-3)/(-12))?
28
Suppose -9 = -2*i - 1. Suppose i*m + 0*m + 4*t = -4, 5*m - 31 = 4*t. Suppose -m*p = 2*p - 40. Calculate the remainder when 31 is divided by p.
7
Let x(d) = d + 8. Let h be x(-6). Suppose 3*k + r - 94 = 0, -5*k + 75 = h*r - 81. Calculate the remainder when k is divided by 17.
15
Let h = -3 - -5. Suppose s + h*s = 6. What is the remainder when 4 is divided by s?
0
Suppose 4*t + 35 = 3*d, 13*t + 20 = 9*t. Suppose -4*u + 5 = -5*x + 3, -3 = 3*x - 3*u. Calculate the remainder when d is divided by x.
1
What is the remainder when 140 is divided by 8/(-24) - (-165)/9?
14
Suppose 92 = 4*q - 24. Suppose -4*f - 103 = -5*o, o - 2*o + q = 2*f. Calculate the remainder when 12/54 + (-394)/(-9) is divided by o.
21
Suppose 4*u - 16 = -0*u. Suppose -u = -3*z + 20. Suppose -5*t = -m - 128 + 15, -2*t + 5*m + 59 = 0. What is the remainder when t is divided by z?
6
Let o = -3 + 10. Let i be (-4)/(-6)*(-13 - -19). Suppose i*t - 64 = -5*p, 2*t - 14 = -2*p + p. Calculate the remainder when p is divided by o.
5
Let m(n) = -n**2 - 5*n + 6. Let t be m(-6). Suppose -2*x + 4 = -t*x. Suppose 6*p - 36 = x*p. What is the remainder when 24 is divided by p?
6
Suppose 12 = -f + 4*f. Suppose f*w + 101 = -4*k + 41, -2*k - 25 = -3*w. Let j = -10 - k. Calculate the remainder when 10 is divided by j.
2
Suppose -3*o + t + 26 = 0, o - 4*t = -8*t - 13. Let z(r) = -r**2 - 6*r + 5. Calculate the remainder when o is divided by z(-6).
2
Let c = 8 - 3. Suppose c*l + p - 56 = 0, 0 = 4*l + 3*p - 6*p - 41. Calculate the remainder when 20 is divid